{"id":19614,"date":"2023-05-02T17:41:12","date_gmt":"2023-05-02T23:41:12","guid":{"rendered":"https:\/\/gaceta.politicas.unam.mx\/?page_id=19614"},"modified":"2023-05-30T15:23:00","modified_gmt":"2023-05-30T21:23:00","slug":"los-problemas-economicos-actuales-un-efecto-en-cadena","status":"publish","type":"page","link":"https:\/\/gaceta.politicas.unam.mx\/index.php\/los-problemas-economicos-actuales-un-efecto-en-cadena\/","title":{"rendered":"Los problemas econ\u00f3micos actuales: un efecto en cadena"},"content":{"rendered":"\t\t<div data-elementor-type=\"wp-page\" data-elementor-id=\"19614\" class=\"elementor elementor-19614\">\n\t\t\t\t\t\t\t\t\t<section class=\"elementor-section elementor-top-section elementor-element elementor-element-de48bc2 elementor-section-boxed elementor-section-height-default elementor-section-height-default\" data-id=\"de48bc2\" data-element_type=\"section\">\n\t\t\t\t\t\t<div class=\"elementor-container elementor-column-gap-default\">\n\t\t\t\t\t<div class=\"elementor-column elementor-col-100 elementor-top-column elementor-element elementor-element-b35a950\" data-id=\"b35a950\" data-element_type=\"column\">\n\t\t\t<div class=\"elementor-widget-wrap elementor-element-populated\">\n\t\t\t\t\t\t\t\t<div class=\"elementor-element elementor-element-631e710 elementor-widget elementor-widget-spacer\" data-id=\"631e710\" data-element_type=\"widget\" data-widget_type=\"spacer.default\">\n\t\t\t\t<div class=\"elementor-widget-container\">\n\t\t\t\t\t<div class=\"elementor-spacer\">\n\t\t\t<div class=\"elementor-spacer-inner\"><\/div>\n\t\t<\/div>\n\t\t\t\t<\/div>\n\t\t\t\t<\/div>\n\t\t\t\t<div class=\"elementor-element elementor-element-0f2af64 elementor-widget elementor-widget-image\" data-id=\"0f2af64\" data-element_type=\"widget\" data-widget_type=\"image.default\">\n\t\t\t\t<div class=\"elementor-widget-container\">\n\t\t\t\t\t\t\t\t\t\t\t\t\t\t\t<img decoding=\"async\" width=\"1920\" height=\"751\" src=\"https:\/\/gaceta.politicas.unam.mx\/wp-content\/uploads\/2023\/05\/impacto-de-la-economia.png\" class=\"attachment-full size-full wp-image-20445\" alt=\"\" loading=\"lazy\" srcset=\"https:\/\/gaceta.politicas.unam.mx\/wp-content\/uploads\/2023\/05\/impacto-de-la-economia.png 1920w, https:\/\/gaceta.politicas.unam.mx\/wp-content\/uploads\/2023\/05\/impacto-de-la-economia-300x117.png 300w, https:\/\/gaceta.politicas.unam.mx\/wp-content\/uploads\/2023\/05\/impacto-de-la-economia-1024x401.png 1024w, https:\/\/gaceta.politicas.unam.mx\/wp-content\/uploads\/2023\/05\/impacto-de-la-economia-768x300.png 768w, https:\/\/gaceta.politicas.unam.mx\/wp-content\/uploads\/2023\/05\/impacto-de-la-economia-1536x601.png 1536w\" sizes=\"(max-width: 1920px) 100vw, 1920px\" \/>\t\t\t\t\t\t\t\t\t\t\t\t\t\t\t<\/div>\n\t\t\t\t<\/div>\n\t\t\t\t<div class=\"elementor-element elementor-element-7b306c7 elementor-widget elementor-widget-spacer\" data-id=\"7b306c7\" data-element_type=\"widget\" data-widget_type=\"spacer.default\">\n\t\t\t\t<div class=\"elementor-widget-container\">\n\t\t\t\t\t<div class=\"elementor-spacer\">\n\t\t\t<div class=\"elementor-spacer-inner\"><\/div>\n\t\t<\/div>\n\t\t\t\t<\/div>\n\t\t\t\t<\/div>\n\t\t\t\t<div class=\"elementor-element elementor-element-1d8c1ee elementor-widget elementor-widget-heading\" data-id=\"1d8c1ee\" data-element_type=\"widget\" data-widget_type=\"heading.default\">\n\t\t\t\t<div class=\"elementor-widget-container\">\n\t\t\t<h2 class=\"elementor-heading-title elementor-size-default\">Los problemas econ\u00f3micos actuales: un efecto en cadena<\/h2>\t\t<\/div>\n\t\t\t\t<\/div>\n\t\t\t\t<div class=\"elementor-element elementor-element-cc0c6b1 elementor-widget elementor-widget-text-editor\" data-id=\"cc0c6b1\" data-element_type=\"widget\" data-widget_type=\"text-editor.default\">\n\t\t\t\t<div class=\"elementor-widget-container\">\n\t\t\t\t\t\t\t<p><strong>Francisco Vidal Bonifaz<\/strong><\/p><p>Doctor en Econom\u00eda, con orientaci\u00f3n en Historia Econ\u00f3mica; tambi\u00e9n es docente del Centro de Estudios en Ciencias de la Comunicaci\u00f3n de la FCPyS.<\/p><p>\u00a0<\/p><p>La pandemia de la Covid-19 no s\u00f3lo trajo un enorme caudal de muerte y sufrimiento para la humanidad sino que adem\u00e1s gener\u00f3 una serie de problemas econ\u00f3micos de corto y largo plazo.<\/p><p>\u00a0<\/p><p>Suele creerse que los conflictos econ\u00f3micos que padecen los pa\u00edses, como el amago de una severa crisis financiera en las principales econom\u00edas capitalistas tienen una causa \u00fanica, pero no es as\u00ed.<\/p><p>\u00a0<\/p><p>La pandemia gener\u00f3, cuando menos un impacto importante en el mercado laboral: millones de personas trabajadoras murieron o fueron afectadas; tambi\u00e9n origin\u00f3 una crisis de abasto de productos y materias primas, en especial industriales, sencillamente porque la producci\u00f3n se detuvo o fue afectada, y ni qu\u00e9 decir del retraso en la log\u00edstica de distribuci\u00f3n debido al paro en los transportes.<\/p><p>\u00a0<\/p><p>Estos hechos, de por s\u00ed, anunciaban el rebrote de la inflaci\u00f3n de la que tambi\u00e9n son responsables los monopolios que controlan los centros neur\u00e1lgicos de la econom\u00eda mundial \u2014estamos lejos, muy lejos de una econom\u00eda de libre mercado\u2014 y que reorganizaron sus finanzas, entro otras medidas, gracias al aumento de los precios. Lo importante, en todo caso, era resarcir o incrementar las utilidades de sus accionistas.<\/p><p>\u00a0<\/p><p>La espiral inflacionaria se desat\u00f3 cuando menos en varios pa\u00edses capitalistas desarrollados y subdesarrollados. El dogma monetarista receta que una de las medidas m\u00e1s importantes para detener la inflaci\u00f3n es que los bancos centrales encarezcan el cr\u00e9dito \u2014elevando la tasa de inter\u00e9s\u2014 lo que, en teor\u00eda, amaina la demanda y por tanto, contribuye a restar presiones a la inflaci\u00f3n.<\/p><p>\u00a0<\/p><p>Los economistas estaban entretenidos discutiendo el problema y la poblaci\u00f3n sufriendo las consecuencias de la espiral inflacionaria, cuando estall\u00f3 la guerra en Europa oriental en la que Rusia invadi\u00f3 Ucrania.<\/p><p>\u00a0<\/p><p>El conflicto b\u00e9lico provoc\u00f3 problemas inmediatos en el abasto de granos b\u00e1sicos \u2014que afect\u00f3, por ejemplo, a los pa\u00edses pobres de \u00c1frica\u2014 y un aumento en el precio de los energ\u00e9ticos. As\u00ed, se atiz\u00f3 con mayor fuerza el proceso inflacionario.<\/p><p>\u00a0<\/p><p>En los grandes pa\u00edses capitalistas los bancos centrales manten\u00edan su pol\u00edtica de elevar las tasas de inter\u00e9s y las naciones m\u00e1s importantes, entre ellos Estados Unidos, abrieron la chequera para financiar la resistencia de Ucrania frente al rival ruso.<\/p><p>\u00a0<\/p><p>A estas alturas, varios economistas ya hab\u00edan olvidado que con la llegada de Donald Trump se hab\u00edan relajado ciertas regulaciones que la administraci\u00f3n Obama hab\u00eda impuesto a los bancos en busca de limitar su irrefrenable adicci\u00f3n al riesgo, con tal de obtener mayores beneficios a sus accionistas.<\/p><p>\u00a0<\/p><p>Por definici\u00f3n, los bancos son especialistas en administrar el riesgo y, por a\u00f1adidura, lo reducen al m\u00ednimo para sus clientes: depositantes y ahorradores. Pero la banca moderna no entiende de razones y s\u00f3lo se puede intentar que no olvide su principal vocaci\u00f3n por medio de estrictas regulaciones.<\/p><p>\u00a0<\/p><p>El problema es que con la irrupci\u00f3n de Ronald Reagan y sus reaganomics inici\u00f3 un ciclo de desregulaci\u00f3n de los bancos que culminaron con la enorme crisis de 2008. La lecci\u00f3n no fue bien aprendida \u2014es m\u00e1s, parece que el sistema carece de capacidad de aprender de sus peores errores\u2014 y la desregulaci\u00f3n volvi\u00f3 a ense\u00f1orearse con la llegada de Trump.<\/p><p>\u00a0<\/p><p>Entidades como el Silicon Valley Bank comenzaron a usar los dep\u00f3sitos de sus clientes para realizar inversiones de riesgo y el continuo aumento de las tasas de inter\u00e9s provoc\u00f3 que, precisamente, \u00e9stas enfrentaran importantes p\u00e9rdidas.<\/p><p>\u00a0<\/p><p>\u00bfUn banco perdiendo dinero por hacer inversiones de riesgo?: s\u00ed y una vez que los rumores sobre esos quebrantos se esparcieron entre los principales clientes de la instituci\u00f3n, \u00e9stos comenzaron a retirar sus dep\u00f3sitos hasta que literalmente \u00e9sta se qued\u00f3 sin dinero. La ruina estaba presente.<\/p><p>\u00a0<\/p><p>Ahora el gobierno de Estados Unidos y de otros pa\u00edses tendr\u00e1n que destinar dinero a salvar a los bancos que, como el Silicon Valley Bank, sufran los tremendos efectos de su adicci\u00f3n al riesgo y, aunque se niegue, la sociedad tendr\u00e1 que pagar los costos de esa otra epidemia que asola a la sociedad capitalista.<\/p>\t\t\t\t\t\t<\/div>\n\t\t\t\t<\/div>\n\t\t\t\t\t<\/div>\n\t\t<\/div>\n\t\t\t\t\t\t\t<\/div>\n\t\t<\/section>\n\t\t\t\t\t\t\t<\/div>\n\t\t","protected":false},"excerpt":{"rendered":"<p>Los problemas econ\u00f3micos actuales: un efecto en cadena Francisco Vidal Bonifaz Doctor en Econom\u00eda, con orientaci\u00f3n en Historia Econ\u00f3mica; tambi\u00e9n es docente del Centro de Estudios en Ciencias de la Comunicaci\u00f3n de la&#46;&#46;&#46;<\/p>\n","protected":false},"author":92,"featured_media":0,"parent":0,"menu_order":0,"comment_status":"closed","ping_status":"closed","template":"elementor_header_footer","meta":[],"coauthors":[2170],"yoast_head":"<!-- This site is optimized with the Yoast SEO plugin v21.6 - https:\/\/yoast.com\/wordpress\/plugins\/seo\/ -->\n<title>Los problemas econ\u00f3micos actuales: un efecto en cadena - Gaceta Pol\u00edticas<\/title>\n<meta name=\"robots\" content=\"index, follow, max-snippet:-1, max-image-preview:large, max-video-preview:-1\" \/>\n<link rel=\"canonical\" href=\"https:\/\/gaceta.politicas.unam.mx\/index.php\/los-problemas-economicos-actuales-un-efecto-en-cadena\/\" \/>\n<meta property=\"og:locale\" content=\"es_ES\" \/>\n<meta property=\"og:type\" content=\"article\" \/>\n<meta property=\"og:title\" content=\"Los problemas econ\u00f3micos actuales: un efecto en cadena - Gaceta Pol\u00edticas\" \/>\n<meta property=\"og:description\" content=\"Los problemas econ\u00f3micos actuales: un efecto en cadena Francisco Vidal Bonifaz Doctor en Econom\u00eda, con orientaci\u00f3n en Historia Econ\u00f3mica; tambi\u00e9n es docente del Centro de Estudios en Ciencias de la Comunicaci\u00f3n de la&#046;&#046;&#046;\" \/>\n<meta property=\"og:url\" content=\"https:\/\/gaceta.politicas.unam.mx\/index.php\/los-problemas-economicos-actuales-un-efecto-en-cadena\/\" \/>\n<meta property=\"og:site_name\" content=\"Gaceta Pol\u00edticas\" \/>\n<meta property=\"article:publisher\" content=\"https:\/\/www.facebook.com\/FCPyS.UNAM\" \/>\n<meta property=\"article:modified_time\" content=\"2023-05-30T21:23:00+00:00\" \/>\n<meta property=\"og:image\" content=\"http:\/\/gaceta.politicas.unam.mx\/wp-content\/uploads\/2023\/05\/impacto-de-la-economia.png\" \/>\n<meta name=\"twitter:label1\" content=\"Tiempo de lectura\" \/>\n\t<meta name=\"twitter:data1\" content=\"4 minutos\" \/>\n\t<meta name=\"twitter:label2\" content=\"Written by\" \/>\n\t<meta name=\"twitter:data2\" content=\"Ana Sanchez\" \/>\n<script type=\"application\/ld+json\" class=\"yoast-schema-graph\">{\"@context\":\"https:\/\/schema.org\",\"@graph\":[{\"@type\":\"WebPage\",\"@id\":\"https:\/\/gaceta.politicas.unam.mx\/index.php\/los-problemas-economicos-actuales-un-efecto-en-cadena\/\",\"url\":\"https:\/\/gaceta.politicas.unam.mx\/index.php\/los-problemas-economicos-actuales-un-efecto-en-cadena\/\",\"name\":\"Los problemas econ\u00f3micos actuales: un efecto en cadena - Gaceta Pol\u00edticas\",\"isPartOf\":{\"@id\":\"https:\/\/gaceta.politicas.unam.mx\/#website\"},\"datePublished\":\"2023-05-02T23:41:12+00:00\",\"dateModified\":\"2023-05-30T21:23:00+00:00\",\"inLanguage\":\"es\",\"potentialAction\":[{\"@type\":\"ReadAction\",\"target\":[\"https:\/\/gaceta.politicas.unam.mx\/index.php\/los-problemas-economicos-actuales-un-efecto-en-cadena\/\"]}]},{\"@type\":\"WebSite\",\"@id\":\"https:\/\/gaceta.politicas.unam.mx\/#website\",\"url\":\"https:\/\/gaceta.politicas.unam.mx\/\",\"name\":\"Gaceta Pol\u00edticas\",\"description\":\"\u00d3rgano informativo de la Facultad de Ciencias Pol\u00edticas y Sociales\",\"potentialAction\":[{\"@type\":\"SearchAction\",\"target\":{\"@type\":\"EntryPoint\",\"urlTemplate\":\"https:\/\/gaceta.politicas.unam.mx\/?s={search_term_string}\"},\"query-input\":\"required name=search_term_string\"}],\"inLanguage\":\"es\"}]}<\/script>\n<!-- \/ Yoast SEO plugin. -->","yoast_head_json":{"title":"Los problemas econ\u00f3micos actuales: un efecto en cadena - Gaceta Pol\u00edticas","robots":{"index":"index","follow":"follow","max-snippet":"max-snippet:-1","max-image-preview":"max-image-preview:large","max-video-preview":"max-video-preview:-1"},"canonical":"https:\/\/gaceta.politicas.unam.mx\/index.php\/los-problemas-economicos-actuales-un-efecto-en-cadena\/","og_locale":"es_ES","og_type":"article","og_title":"Los problemas econ\u00f3micos actuales: un efecto en cadena - Gaceta Pol\u00edticas","og_description":"Los problemas econ\u00f3micos actuales: un efecto en cadena Francisco Vidal Bonifaz Doctor en Econom\u00eda, con orientaci\u00f3n en Historia Econ\u00f3mica; tambi\u00e9n es docente del Centro de Estudios en Ciencias de la Comunicaci\u00f3n de la&#46;&#46;&#46;","og_url":"https:\/\/gaceta.politicas.unam.mx\/index.php\/los-problemas-economicos-actuales-un-efecto-en-cadena\/","og_site_name":"Gaceta Pol\u00edticas","article_publisher":"https:\/\/www.facebook.com\/FCPyS.UNAM","article_modified_time":"2023-05-30T21:23:00+00:00","og_image":[{"url":"http:\/\/gaceta.politicas.unam.mx\/wp-content\/uploads\/2023\/05\/impacto-de-la-economia.png"}],"twitter_misc":{"Tiempo de lectura":"4 minutos","Written by":"Ana Sanchez"},"schema":{"@context":"https:\/\/schema.org","@graph":[{"@type":"WebPage","@id":"https:\/\/gaceta.politicas.unam.mx\/index.php\/los-problemas-economicos-actuales-un-efecto-en-cadena\/","url":"https:\/\/gaceta.politicas.unam.mx\/index.php\/los-problemas-economicos-actuales-un-efecto-en-cadena\/","name":"Los problemas econ\u00f3micos actuales: un efecto en cadena - Gaceta Pol\u00edticas","isPartOf":{"@id":"https:\/\/gaceta.politicas.unam.mx\/#website"},"datePublished":"2023-05-02T23:41:12+00:00","dateModified":"2023-05-30T21:23:00+00:00","inLanguage":"es","potentialAction":[{"@type":"ReadAction","target":["https:\/\/gaceta.politicas.unam.mx\/index.php\/los-problemas-economicos-actuales-un-efecto-en-cadena\/"]}]},{"@type":"WebSite","@id":"https:\/\/gaceta.politicas.unam.mx\/#website","url":"https:\/\/gaceta.politicas.unam.mx\/","name":"Gaceta Pol\u00edticas","description":"\u00d3rgano informativo de la Facultad de Ciencias Pol\u00edticas y Sociales","potentialAction":[{"@type":"SearchAction","target":{"@type":"EntryPoint","urlTemplate":"https:\/\/gaceta.politicas.unam.mx\/?s={search_term_string}"},"query-input":"required name=search_term_string"}],"inLanguage":"es"}]}},"_links":{"self":[{"href":"https:\/\/gaceta.politicas.unam.mx\/index.php\/wp-json\/wp\/v2\/pages\/19614"}],"collection":[{"href":"https:\/\/gaceta.politicas.unam.mx\/index.php\/wp-json\/wp\/v2\/pages"}],"about":[{"href":"https:\/\/gaceta.politicas.unam.mx\/index.php\/wp-json\/wp\/v2\/types\/page"}],"author":[{"embeddable":true,"href":"https:\/\/gaceta.politicas.unam.mx\/index.php\/wp-json\/wp\/v2\/users\/92"}],"replies":[{"embeddable":true,"href":"https:\/\/gaceta.politicas.unam.mx\/index.php\/wp-json\/wp\/v2\/comments?post=19614"}],"version-history":[{"count":19,"href":"https:\/\/gaceta.politicas.unam.mx\/index.php\/wp-json\/wp\/v2\/pages\/19614\/revisions"}],"predecessor-version":[{"id":20469,"href":"https:\/\/gaceta.politicas.unam.mx\/index.php\/wp-json\/wp\/v2\/pages\/19614\/revisions\/20469"}],"wp:attachment":[{"href":"https:\/\/gaceta.politicas.unam.mx\/index.php\/wp-json\/wp\/v2\/media?parent=19614"}],"wp:term":[{"taxonomy":"author","embeddable":true,"href":"https:\/\/gaceta.politicas.unam.mx\/index.php\/wp-json\/wp\/v2\/coauthors?post=19614"}],"curies":[{"name":"wp","href":"https:\/\/api.w.org\/{rel}","templated":true}]}}