{"id":17981,"date":"2023-02-28T19:27:39","date_gmt":"2023-03-01T01:27:39","guid":{"rendered":"https:\/\/gaceta.politicas.unam.mx\/?page_id=17981"},"modified":"2023-02-28T19:59:37","modified_gmt":"2023-03-01T01:59:37","slug":"obra-academica-de-don-pablo","status":"publish","type":"page","link":"https:\/\/gaceta.politicas.unam.mx\/index.php\/obra-academica-de-don-pablo\/","title":{"rendered":"Obra acad\u00e9mica de Don Pablo"},"content":{"rendered":"\t\t<div data-elementor-type=\"wp-page\" data-elementor-id=\"17981\" class=\"elementor elementor-17981\">\n\t\t\t\t\t\t\t\t\t<section class=\"elementor-section elementor-top-section elementor-element elementor-element-0f3422d elementor-section-boxed elementor-section-height-default elementor-section-height-default\" data-id=\"0f3422d\" data-element_type=\"section\">\n\t\t\t\t\t\t<div class=\"elementor-container elementor-column-gap-default\">\n\t\t\t\t\t<div class=\"elementor-column elementor-col-100 elementor-top-column elementor-element elementor-element-e4cebc8\" data-id=\"e4cebc8\" data-element_type=\"column\">\n\t\t\t<div class=\"elementor-widget-wrap elementor-element-populated\">\n\t\t\t\t\t\t\t\t<div class=\"elementor-element elementor-element-be6111c elementor-widget elementor-widget-spacer\" data-id=\"be6111c\" data-element_type=\"widget\" data-widget_type=\"spacer.default\">\n\t\t\t\t<div class=\"elementor-widget-container\">\n\t\t\t\t\t<div class=\"elementor-spacer\">\n\t\t\t<div class=\"elementor-spacer-inner\"><\/div>\n\t\t<\/div>\n\t\t\t\t<\/div>\n\t\t\t\t<\/div>\n\t\t\t\t<div class=\"elementor-element elementor-element-c8124db elementor-widget elementor-widget-image\" data-id=\"c8124db\" data-element_type=\"widget\" data-widget_type=\"image.default\">\n\t\t\t\t<div class=\"elementor-widget-container\">\n\t\t\t\t\t\t\t\t\t\t\t\t\t\t\t<img decoding=\"async\" width=\"1320\" height=\"500\" src=\"https:\/\/gaceta.politicas.unam.mx\/wp-content\/uploads\/2023\/02\/pablo-gonzalez-casanova-1320x500.png\" class=\"attachment-thumb-xxlarge size-thumb-xxlarge wp-image-18287\" alt=\"\" loading=\"lazy\" \/>\t\t\t\t\t\t\t\t\t\t\t\t\t\t\t<\/div>\n\t\t\t\t<\/div>\n\t\t\t\t<div class=\"elementor-element elementor-element-b3562a2 elementor-widget elementor-widget-spacer\" data-id=\"b3562a2\" data-element_type=\"widget\" data-widget_type=\"spacer.default\">\n\t\t\t\t<div class=\"elementor-widget-container\">\n\t\t\t\t\t<div class=\"elementor-spacer\">\n\t\t\t<div class=\"elementor-spacer-inner\"><\/div>\n\t\t<\/div>\n\t\t\t\t<\/div>\n\t\t\t\t<\/div>\n\t\t\t\t<div class=\"elementor-element elementor-element-e93fa66 elementor-widget elementor-widget-heading\" data-id=\"e93fa66\" data-element_type=\"widget\" data-widget_type=\"heading.default\">\n\t\t\t\t<div class=\"elementor-widget-container\">\n\t\t\t<h2 class=\"elementor-heading-title elementor-size-default\">Obra acad\u00e9mica de Don Pablo<\/h2>\t\t<\/div>\n\t\t\t\t<\/div>\n\t\t\t\t<div class=\"elementor-element elementor-element-2575e9d elementor-widget elementor-widget-text-editor\" data-id=\"2575e9d\" data-element_type=\"widget\" data-widget_type=\"text-editor.default\">\n\t\t\t\t<div class=\"elementor-widget-container\">\n\t\t\t\t\t\t\t<p><strong>Pablo Caba\u00f1as D\u00eda<\/strong>z<\/p><p>Maestro en Antropolog\u00eda Social, Escuela Nacional de Antropolog\u00eda e Historia (ENAH)<\/p>\t\t\t\t\t\t<\/div>\n\t\t\t\t<\/div>\n\t\t\t\t<div class=\"elementor-element elementor-element-6c75496 elementor-widget elementor-widget-text-editor\" data-id=\"6c75496\" data-element_type=\"widget\" data-widget_type=\"text-editor.default\">\n\t\t\t\t<div class=\"elementor-widget-container\">\n\t\t\t\t\t\t\t<p><span style=\"font-family: Lato, sans-serif; font-size: 16px; font-style: normal; font-weight: 400;\">Pablo Gonz\u00e1lez Casanova y del Valle (1922) se propuso la tarea de definir el significado de las ciencias sociales en M\u00e9xico y Am\u00e9rica Latina para comprender los grandes problemas nacionales y la manera de enfrentarlos.<\/span><\/p><p>\u00a0<\/p><p>Es maestro en Ciencias Hist\u00f3ricas (Magna Cum Laude) de la Universidad Nacional Aut\u00f3noma de M\u00e9xico (UNAM), de la Escuela Nacional de Antropolog\u00eda e Historia y de El Colegio de M\u00e9xico (Colmex); doctor por la Universidad de Par\u00eds, especialidad en Sociolog\u00eda (Mention tr\u00e9s honorable).<\/p><p>\u00a0<\/p><p>Es docente del Colmex (1950-1954) e Investigador Em\u00e9rito de la UNAM. Ha sido profesor visitante de la Universidad de Oxford (1974); titular de la Universidad de Cambridge (1981-1982) y visitante de la New School For Social Research (2000).<\/p><p>Su tesis de doctorado:<em> Ideolog\u00eda francesa sobre Am\u00e9rica Hisp\u00e1nica<\/em>, fue dirigida por Fernand Braudel (1902-1985), quien revolucion\u00f3 la historiograf\u00eda del siglo XX, al considerar los efectos de la econom\u00eda y la geograf\u00eda en la historia total.<\/p><p>\u00a0<\/p><p>En este trabajo, Don Pablo revis\u00f3 los diferentes enfoques a partir de los cuales los europeos de diversas \u00e9pocas han contemplado a Am\u00e9rica, expresando los cambios desde sus propias perspectivas, ideolog\u00edas y utop\u00edas, y c\u00f3mo han aplicado esas ideas a la realidad de Am\u00e9rica.<\/p><p>\u00a0<\/p><p>Despu\u00e9s public\u00f3 <em>El misone\u00edsmo y la modernidad cristiana en el siglo XVII<\/em> (1948); <em>S\u00e1tira an\u00f3nima del siglo XVIII<\/em> (1953); <em>Una utop\u00eda de Am\u00e9rica<\/em> (1953). En 1955 present\u00f3 un libro fundamental para esa \u00e9poca: <em>La ideolog\u00eda norteamericana sobre inversiones extranjeras<\/em>, donde se interroga sobre las posibilidades de independencia real en relaci\u00f3n con el imperialismo de los Estados Unidos. Luego escribe el ensayo <em>El don, las inversiones extranjeras y la teor\u00eda social<\/em> (1957) y la obra <em>Estudio de la t\u00e9cnica social<\/em> (1958), en la que investiga las posibilidades y los l\u00edmites del conocimiento t\u00e9cnico en el cambio social.<\/p><p>\u00a0<\/p><p>En 1965 sali\u00f3 a la luz el texto que habr\u00e1 de marcar su obra acad\u00e9mica: <em>La democracia en M\u00e9xico<\/em>, donde abord\u00f3 el fen\u00f3meno del poder como un proceso social integral. Luego habr\u00eda de producir dos libros fundamentales:<em> Las categor\u00edas del desarrollo econ\u00f3mico y la investigaci\u00f3n en Ciencias Sociales<\/em> (1967), que hace hincapi\u00e9 en c\u00f3mo la medici\u00f3n de los fen\u00f3menos sociales requiere saber qu\u00e9 es lo que se va a medir. Dos a\u00f1os despu\u00e9s vendr\u00eda otro trabajo imprescindible: <em>Sociolog\u00eda de la explotaci\u00f3n<\/em> (1969), que parte de la reflexi\u00f3n te\u00f3rica y la reconstrucci\u00f3n hist\u00f3rica. De esa etapa tambi\u00e9n son: <em>Sociolog\u00eda del desarrollo latinoamericano<\/em> (una gu\u00eda para su estudio) (1970) y <em>Am\u00e9rica Latina en los a\u00f1os treinta<\/em> (1977), ambos de car\u00e1cter colectivo y coordinados por Gonz\u00e1lez Casanova. Tambi\u00e9n tiene en su haber <em>La falacia de la investigaci\u00f3n en ciencias sociales y estudio de la t\u00e9cnica social<\/em> (1977). Otra investigaci\u00f3n escencial es: <em>Imperialismo y liberaci\u00f3n en Am\u00e9rica Latina<\/em> (1978). En la misma l\u00ednea de an\u00e1lisis se encuentra la direcci\u00f3n de la obra colectiva de 17 vol\u00famenes: <em>La clase obrera en la historia de M\u00e9xico<\/em> (1980).<\/p><p>\u00a0<\/p><p>M\u00e1s tarde vendr\u00edan los siguientes vol\u00famenes: <em>No intervenci\u00f3n, autodeterminaci\u00f3n y democracia en Am\u00e9rica Latina<\/em> (1983); <em>Cultura y creaci\u00f3n intelectual en Am\u00e9rica Latina<\/em> (1984); <em>Hegemon\u00eda y creaci\u00f3n intelectual en Am\u00e9rica Latina<\/em> (1984); <em>Hegemon\u00eda del pueblo y la lucha centroamericana<\/em> (1984); <em>Historia del movimiento obrero en Am\u00e9rica Latina<\/em>, 4 tomos (1984- 1985); <em>Historia pol\u00edtica de los campesinos latinoamericanos<\/em>, 4 tomos (1984-1985); <em>Los militares y la pol\u00edtica en Am\u00e9rica Latina<\/em> (1988), y <em>El Estado en Am\u00e9rica Latina: teor\u00eda y pr\u00e1ctica<\/em> (1990); <em>La nueva metaf\u00edsica y el socialismo<\/em> (1984), y <em>La falacia de la investigaci\u00f3n en ciencias sociales y estudio de la t\u00e9cnica social<\/em> (1977);<em> Las elecciones en M\u00e9xico: evoluci\u00f3n y perspectiva<\/em> (1985); <em>M\u00e9xico ante la crisis,<\/em> 2 tomos (1985-1986). Fue promotor de las siguientes obras colectivas: <em>Elecciones de 1985 en las entidades federativas<\/em> (1989), <em>Primer Informe sobre la democracia: M\u00e9xico 1988<\/em> (1988), y <em>El Segundo informe sobre la democracia: M\u00e9xico el 6 de julio de 1988<\/em> (1990).<\/p><p>\u00a0<\/p><p>En sus trabajos m\u00e1s recientes, Gonz\u00e1lez Casanova incorpora los avances de las ciencias sociales, los estudios de la complejidad y las teor\u00edas de sistemas; en esta l\u00ednea de an\u00e1lisis apareci\u00f3: <em>Las nuevas ciencias y las humanidades: de la academia a la pol\u00edtica<\/em> (2004), donde aborda la posibilidad de cambio en el mundo actual, a pesar de que ignora que \u00e9ste interviene tambi\u00e9n en la dial\u00e9ctica de los saberes hegem\u00f3nicos y en su posible cr\u00edtica como superaci\u00f3n, a partir de los saberes y poderes alternativos, mediante un pensar-hacer que, en su teor\u00eda y su pr\u00e1ctica, vuelve a exponer los problemas de la democracia, de la liberaci\u00f3n y del socialismo. Gonz\u00e1lez Casanova es autor de una obra, cuya mayor parte de su obra est\u00e1 publicada por el Instituto de Investigaciones Sociales de la UNAM, en donde se desempe\u00f1\u00f3 como investigador, aunque tambi\u00e9n lo han hecho la Editorial Siglo XXI, la Universidad de las Naciones, la Secretar\u00eda de Educaci\u00f3n P\u00fablica (SEP), El Colegio de M\u00e9xico y la Editorial Era.<\/p><p>\u00a0<\/p><p>A esta amplia producci\u00f3n editorial correspondi\u00f3 un intenso trabajo acad\u00e9mico en la UNAM, instituci\u00f3n en la que ejerci\u00f3 los siguientes cargos: profesor de la Facultad de Ciencias Pol\u00edticas y Sociales, de 1952 a 1956. En 1957 fue nombrado director de la entonces Escuela Nacional de Ciencias Pol\u00edticas y Sociales (ENCPyS). Fue el primer titular en durar dos periodos, de 1957 a 1961, y de 1961 a 1965. Bajo su direcci\u00f3n se logr\u00f3 que la ENCPyS tuviera instalaciones propias en el campus de Ciudad Universitaria. En su primer gesti\u00f3n como director de esta entidad se convierte en un referente en Am\u00e9rica Latina en el campo de las ciencias sociales. Modific\u00f3 los planes de estudio de las carreras que se impart\u00edan en ese momento: Ciencia Pol\u00edtica, Sociolog\u00eda, Periodismo, Diplomacia y Administraci\u00f3n P\u00fablica.<\/p><p>\u00a0<\/p><p>En el primer a\u00f1o de su administraci\u00f3n se organiz\u00f3 un ciclo de conferencias que fue relevante para legitimar a la nueva instituci\u00f3n; el t\u00edtulo mismo enunciaba el objetivo que se persegu\u00eda: \u201cSobre la utilidad nacional de las carreras de ciencias pol\u00edticas y sociales\u201d. En ese a\u00f1o estuvieron en la nueva escuela los investigadores estadounidenses Oscar Lewis y Lynn Smith, quienes impartieron el curso: \u201cM\u00e9xico, de C\u00e1rdenas a nuestros d\u00edas\u201d. Smith public\u00f3 en el n\u00famero cuatro de la <em>Revista Mexicana de Sociolog\u00eda<\/em> un art\u00edculo que tuvo un fuerte impacto en la \u00e9poca. Es en el n\u00famero siete de \u00e9sta, correspondiente al primer trimestre de 1957, en donde se observa el cambio alcanzado, pues toda la edici\u00f3n est\u00e1 dedicada a las ciencias sociales; el propio Gonz\u00e1lez Casanova inicia con el art\u00edculo \u00abLa utilidad nacional de las carreras de ciencias pol\u00edticas y sociales\u00bb. En 1965 dej\u00f3 la ENCPyS para ocupar la direcci\u00f3n del Instituto de Investigaciones Sociales, de 1966 a 1970. Fue Rector de la UNAM de 1970 a 1972, y director del Centro de Investigaciones Interdisciplinarias en Humanidades, desde 1986 a 1994, as\u00ed como director del Centro de Investigaciones en Ciencias y Humanidades (1995-2000).<\/p><p>\u00a0<\/p><p>Fue maestro investigador del Colmex, consejero de la Universidad de las Naciones Unidas a partir de 1982, coordinador del proyecto de investigaci\u00f3n \u201cLas perspectivas de Am\u00e9rica Latina\u201d, y profesor e investigador hu\u00e9sped de las Universidades de Oxford, Cambridge y Par\u00eds. En la UNAM dej\u00f3 profundas marcas en la docencia y en la investigaci\u00f3n: reestructur\u00f3 el modelo de las carreras profesionales en Ciencias Sociales, cre\u00f3 el Sistema de Universidad Abierta y el Colegio de Ciencias y Humanidades. Paralelamente, fue presidente del Centro Latinoamericano de Investigaciones Sociales de la Unesco, presidente del Comit\u00e9 Directivo de la Facultad Latinoamericana de Ciencias Sociales y coordinador de proyecto en la Universidad de las Naciones Unidas. Dict\u00f3 clases en las universidades de Oxford, Cambridge y Complutense de Madrid y en la Escuela Nacional de Ciencias Pol\u00edticas de Par\u00eds.\u00a0<\/p><p>\u00a0<\/p><p>Entre sus innumerables reconocimientos se destacan, 12 t\u00edtulos de Doctor Honoris Causa y el de Profesor e Investigador Em\u00e9rito de la UNAM, en 1984, a\u00f1o en que recibi\u00f3 el Premio Nacional de Ciencias y Artes en Historia, Ciencias Sociales y Filosof\u00eda. En 1989 gan\u00f3 el Premio Universidad Nacional, en la categor\u00eda Investigaci\u00f3n en Ciencias Sociales. En 2003 obtuvo el Premio Internacional Jos\u00e9 Mart\u00ed, otorgado por la Unesco, y en 2004 la Orden Jos\u00e9 Mart\u00ed, concedida por el gobierno de la Rep\u00fablica de Cuba. Es miembro de la Academia Mexicana de Investigaci\u00f3n Cient\u00edfica, de la Academia de Ciencias de Nueva York y de la Asociaci\u00f3n Americana para el Avance de la Ciencia de Washington D.C., por mencionar algunas.<\/p><p>\u00a0<\/p><p>En la UNAM dej\u00f3 profunda herencia en la docencia y en la investigaci\u00f3n: reestructur\u00f3 el modelo de las carreras profesionales en Ciencias Sociales, cre\u00f3 el Sistema de Universidad Abierta y el Colegio de Ciencias y Humanidades. Como activista trabaj\u00f3 en el reconocimiento de las autonom\u00edas y los derechos humanos de los pueblos ind\u00edgenas, colaborando con un estudio de las autonom\u00edas, promovidas por el Ej\u00e9rcito Zapatista de Liberaci\u00f3n Nacional, y tuvo un papel relevante en el apoyo de este movimiento.<\/p><p>\u00a0<\/p><p>La contribuci\u00f3n de Gonz\u00e1lez Casanova a las ciencias sociales no s\u00f3lo ha sido como investigador y pensador, su trabajo ha permitido generar y construir instituciones de pensamiento y de acci\u00f3n en un sentido transformador. Como activista social tuvo un papel relevante en el apoyo que brind\u00f3 al levantamiento zapatista. En los \u00faltimos a\u00f1os enfoca su actividad en cuestionar las fallas del modelo medioambiental, las crisis del capitalismo, y recientemente la pandemia, fen\u00f3menos que se han convertido en sus objetos de estudio, sin buscar la erudici\u00f3n, sino haciendo de ella una herramienta para la transformaci\u00f3n social.<\/p><p>\u00a0<\/p><p><strong>Cien a\u00f1os de Pablo Gonz\u00e1lez Casanova<\/strong><\/p><p>El 11 de febrero de 2022, el gran soci\u00f3logo, pol\u00edtico e historiador mexicano, uno de los estudiosos de las ciencias sociales m\u00e1s importantes y vanguardistas del M\u00e9xico contempor\u00e1neo, ex director de la Escuela Nacional de Ciencias Pol\u00edticas y Sociales y ex rector de la UNAM, cumpli\u00f3 cien a\u00f1os de vida.<\/p><p>\u00a0<\/p><p>Como una muestra de gratitud de la comunidad universitaria por sus enormes ense\u00f1anzas, legado acad\u00e9mico y cient\u00edfico, labor de investigaci\u00f3n, iniciativas y sus contribuciones epist\u00e9micas al \u00e1mbito educativo de nuestro pa\u00eds, la Facultad de Ciencias Pol\u00edticas y Sociales (FCPyS) edit\u00f3 este libro, en el cual capturamos su trayectoria, producci\u00f3n y pensamiento, con la finalidad de mantener viva su singular herencia.<\/p><p>\u00a0<\/p><p>En estas p\u00e1ginas se delinea la sabidur\u00eda del maestro a trav\u00e9s de su palabra y sus propias contribuciones, pero tambi\u00e9n mediante las voces de sus colegas, amigos y disc\u00edpulos, quienes en conjunto le expresamos nuestro sentir. Gracias por su ideario en favor de la construcci\u00f3n de la democracia en M\u00e9xico; por reunir e impulsar a los mejores seres pensantes en grupos plurales de trabajo; por escuchar a sus pares y alumnos; por su don para compartir su sabidur\u00eda, pero tambi\u00e9n por su sencillez, carisma, liderazgo y amor a la vida.<\/p><p>\u00a0<\/p>\t\t\t\t\t\t<\/div>\n\t\t\t\t<\/div>\n\t\t\t\t\t<\/div>\n\t\t<\/div>\n\t\t\t\t\t\t\t<\/div>\n\t\t<\/section>\n\t\t\t\t\t\t\t<\/div>\n\t\t","protected":false},"excerpt":{"rendered":"<p>Obra acad\u00e9mica de Don Pablo Pablo Caba\u00f1as D\u00edaz Maestro en Antropolog\u00eda Social, Escuela Nacional de Antropolog\u00eda e Historia (ENAH) Pablo Gonz\u00e1lez Casanova y del Valle (1922) se propuso la tarea de definir el&#46;&#46;&#46;<\/p>\n","protected":false},"author":92,"featured_media":0,"parent":0,"menu_order":0,"comment_status":"closed","ping_status":"closed","template":"elementor_header_footer","meta":[],"coauthors":[2170],"yoast_head":"<!-- This site is optimized with the Yoast SEO plugin v21.6 - https:\/\/yoast.com\/wordpress\/plugins\/seo\/ -->\n<title>Obra acad\u00e9mica de Don Pablo - Gaceta Pol\u00edticas<\/title>\n<meta name=\"robots\" content=\"index, follow, max-snippet:-1, max-image-preview:large, max-video-preview:-1\" \/>\n<link rel=\"canonical\" href=\"https:\/\/gaceta.politicas.unam.mx\/index.php\/obra-academica-de-don-pablo\/\" \/>\n<meta property=\"og:locale\" content=\"es_ES\" \/>\n<meta property=\"og:type\" content=\"article\" \/>\n<meta property=\"og:title\" content=\"Obra acad\u00e9mica de Don Pablo - Gaceta Pol\u00edticas\" \/>\n<meta property=\"og:description\" content=\"Obra acad\u00e9mica de Don Pablo Pablo Caba\u00f1as D\u00edaz Maestro en Antropolog\u00eda Social, Escuela Nacional de Antropolog\u00eda e Historia (ENAH) Pablo Gonz\u00e1lez Casanova y del Valle (1922) se propuso la tarea de definir el&#046;&#046;&#046;\" \/>\n<meta property=\"og:url\" content=\"https:\/\/gaceta.politicas.unam.mx\/index.php\/obra-academica-de-don-pablo\/\" \/>\n<meta property=\"og:site_name\" content=\"Gaceta Pol\u00edticas\" \/>\n<meta property=\"article:publisher\" content=\"https:\/\/www.facebook.com\/FCPyS.UNAM\" \/>\n<meta property=\"article:modified_time\" content=\"2023-03-01T01:59:37+00:00\" \/>\n<meta property=\"og:image\" content=\"http:\/\/gaceta.politicas.unam.mx\/wp-content\/uploads\/2023\/02\/pablo-gonzalez-casanova-1320x500.png\" \/>\n<meta name=\"twitter:label1\" content=\"Tiempo de lectura\" \/>\n\t<meta name=\"twitter:data1\" content=\"9 minutos\" \/>\n\t<meta name=\"twitter:label2\" content=\"Written by\" \/>\n\t<meta name=\"twitter:data2\" content=\"Ana Sanchez\" \/>\n<script type=\"application\/ld+json\" class=\"yoast-schema-graph\">{\"@context\":\"https:\/\/schema.org\",\"@graph\":[{\"@type\":\"WebPage\",\"@id\":\"https:\/\/gaceta.politicas.unam.mx\/index.php\/obra-academica-de-don-pablo\/\",\"url\":\"https:\/\/gaceta.politicas.unam.mx\/index.php\/obra-academica-de-don-pablo\/\",\"name\":\"Obra acad\u00e9mica de Don Pablo - Gaceta Pol\u00edticas\",\"isPartOf\":{\"@id\":\"https:\/\/gaceta.politicas.unam.mx\/#website\"},\"datePublished\":\"2023-03-01T01:27:39+00:00\",\"dateModified\":\"2023-03-01T01:59:37+00:00\",\"inLanguage\":\"es\",\"potentialAction\":[{\"@type\":\"ReadAction\",\"target\":[\"https:\/\/gaceta.politicas.unam.mx\/index.php\/obra-academica-de-don-pablo\/\"]}]},{\"@type\":\"WebSite\",\"@id\":\"https:\/\/gaceta.politicas.unam.mx\/#website\",\"url\":\"https:\/\/gaceta.politicas.unam.mx\/\",\"name\":\"Gaceta Pol\u00edticas\",\"description\":\"\u00d3rgano informativo de la Facultad de Ciencias Pol\u00edticas y Sociales\",\"potentialAction\":[{\"@type\":\"SearchAction\",\"target\":{\"@type\":\"EntryPoint\",\"urlTemplate\":\"https:\/\/gaceta.politicas.unam.mx\/?s={search_term_string}\"},\"query-input\":\"required name=search_term_string\"}],\"inLanguage\":\"es\"}]}<\/script>\n<!-- \/ Yoast SEO plugin. -->","yoast_head_json":{"title":"Obra acad\u00e9mica de Don Pablo - Gaceta Pol\u00edticas","robots":{"index":"index","follow":"follow","max-snippet":"max-snippet:-1","max-image-preview":"max-image-preview:large","max-video-preview":"max-video-preview:-1"},"canonical":"https:\/\/gaceta.politicas.unam.mx\/index.php\/obra-academica-de-don-pablo\/","og_locale":"es_ES","og_type":"article","og_title":"Obra acad\u00e9mica de Don Pablo - Gaceta Pol\u00edticas","og_description":"Obra acad\u00e9mica de Don Pablo Pablo Caba\u00f1as D\u00edaz Maestro en Antropolog\u00eda Social, Escuela Nacional de Antropolog\u00eda e Historia (ENAH) Pablo Gonz\u00e1lez Casanova y del Valle (1922) se propuso la tarea de definir el&#46;&#46;&#46;","og_url":"https:\/\/gaceta.politicas.unam.mx\/index.php\/obra-academica-de-don-pablo\/","og_site_name":"Gaceta Pol\u00edticas","article_publisher":"https:\/\/www.facebook.com\/FCPyS.UNAM","article_modified_time":"2023-03-01T01:59:37+00:00","og_image":[{"url":"http:\/\/gaceta.politicas.unam.mx\/wp-content\/uploads\/2023\/02\/pablo-gonzalez-casanova-1320x500.png"}],"twitter_misc":{"Tiempo de lectura":"9 minutos","Written by":"Ana Sanchez"},"schema":{"@context":"https:\/\/schema.org","@graph":[{"@type":"WebPage","@id":"https:\/\/gaceta.politicas.unam.mx\/index.php\/obra-academica-de-don-pablo\/","url":"https:\/\/gaceta.politicas.unam.mx\/index.php\/obra-academica-de-don-pablo\/","name":"Obra acad\u00e9mica de Don Pablo - Gaceta Pol\u00edticas","isPartOf":{"@id":"https:\/\/gaceta.politicas.unam.mx\/#website"},"datePublished":"2023-03-01T01:27:39+00:00","dateModified":"2023-03-01T01:59:37+00:00","inLanguage":"es","potentialAction":[{"@type":"ReadAction","target":["https:\/\/gaceta.politicas.unam.mx\/index.php\/obra-academica-de-don-pablo\/"]}]},{"@type":"WebSite","@id":"https:\/\/gaceta.politicas.unam.mx\/#website","url":"https:\/\/gaceta.politicas.unam.mx\/","name":"Gaceta Pol\u00edticas","description":"\u00d3rgano informativo de la Facultad de Ciencias Pol\u00edticas y Sociales","potentialAction":[{"@type":"SearchAction","target":{"@type":"EntryPoint","urlTemplate":"https:\/\/gaceta.politicas.unam.mx\/?s={search_term_string}"},"query-input":"required name=search_term_string"}],"inLanguage":"es"}]}},"_links":{"self":[{"href":"https:\/\/gaceta.politicas.unam.mx\/index.php\/wp-json\/wp\/v2\/pages\/17981"}],"collection":[{"href":"https:\/\/gaceta.politicas.unam.mx\/index.php\/wp-json\/wp\/v2\/pages"}],"about":[{"href":"https:\/\/gaceta.politicas.unam.mx\/index.php\/wp-json\/wp\/v2\/types\/page"}],"author":[{"embeddable":true,"href":"https:\/\/gaceta.politicas.unam.mx\/index.php\/wp-json\/wp\/v2\/users\/92"}],"replies":[{"embeddable":true,"href":"https:\/\/gaceta.politicas.unam.mx\/index.php\/wp-json\/wp\/v2\/comments?post=17981"}],"version-history":[{"count":19,"href":"https:\/\/gaceta.politicas.unam.mx\/index.php\/wp-json\/wp\/v2\/pages\/17981\/revisions"}],"predecessor-version":[{"id":18290,"href":"https:\/\/gaceta.politicas.unam.mx\/index.php\/wp-json\/wp\/v2\/pages\/17981\/revisions\/18290"}],"wp:attachment":[{"href":"https:\/\/gaceta.politicas.unam.mx\/index.php\/wp-json\/wp\/v2\/media?parent=17981"}],"wp:term":[{"taxonomy":"author","embeddable":true,"href":"https:\/\/gaceta.politicas.unam.mx\/index.php\/wp-json\/wp\/v2\/coauthors?post=17981"}],"curies":[{"name":"wp","href":"https:\/\/api.w.org\/{rel}","templated":true}]}}