{"id":16074,"date":"2022-08-24T13:26:04","date_gmt":"2022-08-24T19:26:04","guid":{"rendered":"https:\/\/gaceta.politicas.unam.mx\/?page_id=16074"},"modified":"2022-08-24T14:49:01","modified_gmt":"2022-08-24T20:49:01","slug":"nuestra-facultad-lucio-mendieta-y-nunez","status":"publish","type":"page","link":"https:\/\/gaceta.politicas.unam.mx\/index.php\/nuestra-facultad-lucio-mendieta-y-nunez\/","title":{"rendered":"Nuestra Facultad: Lucio Mendieta y N\u00fa\u00f1ez"},"content":{"rendered":"\t\t<div data-elementor-type=\"wp-page\" data-elementor-id=\"16074\" class=\"elementor elementor-16074\">\n\t\t\t\t\t\t\t\t\t<section class=\"elementor-section elementor-top-section elementor-element elementor-element-663ffc8 elementor-section-boxed elementor-section-height-default elementor-section-height-default\" data-id=\"663ffc8\" data-element_type=\"section\">\n\t\t\t\t\t\t<div class=\"elementor-container elementor-column-gap-default\">\n\t\t\t\t\t<div class=\"elementor-column elementor-col-100 elementor-top-column elementor-element elementor-element-34ed93c\" data-id=\"34ed93c\" data-element_type=\"column\">\n\t\t\t<div class=\"elementor-widget-wrap elementor-element-populated\">\n\t\t\t\t\t\t\t\t<div class=\"elementor-element elementor-element-d827291 elementor-widget elementor-widget-spacer\" data-id=\"d827291\" data-element_type=\"widget\" data-widget_type=\"spacer.default\">\n\t\t\t\t<div class=\"elementor-widget-container\">\n\t\t\t\t\t<div class=\"elementor-spacer\">\n\t\t\t<div class=\"elementor-spacer-inner\"><\/div>\n\t\t<\/div>\n\t\t\t\t<\/div>\n\t\t\t\t<\/div>\n\t\t\t\t<div class=\"elementor-element elementor-element-6459fb1 elementor-widget elementor-widget-image\" data-id=\"6459fb1\" data-element_type=\"widget\" data-widget_type=\"image.default\">\n\t\t\t\t<div class=\"elementor-widget-container\">\n\t\t\t\t\t\t\t\t\t\t\t\t\t\t\t<img decoding=\"async\" width=\"1280\" height=\"500\" src=\"https:\/\/gaceta.politicas.unam.mx\/wp-content\/uploads\/2022\/08\/antigua-sede-de-la-escuela-nacional.png\" class=\"attachment-full size-full wp-image-16077\" alt=\"\" loading=\"lazy\" srcset=\"https:\/\/gaceta.politicas.unam.mx\/wp-content\/uploads\/2022\/08\/antigua-sede-de-la-escuela-nacional.png 1280w, https:\/\/gaceta.politicas.unam.mx\/wp-content\/uploads\/2022\/08\/antigua-sede-de-la-escuela-nacional-300x117.png 300w, https:\/\/gaceta.politicas.unam.mx\/wp-content\/uploads\/2022\/08\/antigua-sede-de-la-escuela-nacional-1024x400.png 1024w, https:\/\/gaceta.politicas.unam.mx\/wp-content\/uploads\/2022\/08\/antigua-sede-de-la-escuela-nacional-768x300.png 768w\" sizes=\"(max-width: 1280px) 100vw, 1280px\" \/>\t\t\t\t\t\t\t\t\t\t\t\t\t\t\t<\/div>\n\t\t\t\t<\/div>\n\t\t\t\t<div class=\"elementor-element elementor-element-b689cd9 elementor-widget elementor-widget-text-editor\" data-id=\"b689cd9\" data-element_type=\"widget\" data-widget_type=\"text-editor.default\">\n\t\t\t\t<div class=\"elementor-widget-container\">\n\t\t\t\t\t\t\t<p>Antigua sede de la Escuela Nacional de Ciencias Pol\u00edticas y Sociales.<\/p>\t\t\t\t\t\t<\/div>\n\t\t\t\t<\/div>\n\t\t\t\t<div class=\"elementor-element elementor-element-1975634 elementor-widget elementor-widget-heading\" data-id=\"1975634\" data-element_type=\"widget\" data-widget_type=\"heading.default\">\n\t\t\t\t<div class=\"elementor-widget-container\">\n\t\t\t<h2 class=\"elementor-heading-title elementor-size-default\">Nuestra Facultad: Lucio Mendieta y N\u00fa\u00f1ez<\/h2>\t\t<\/div>\n\t\t\t\t<\/div>\n\t\t\t\t<div class=\"elementor-element elementor-element-36e1209 elementor-widget elementor-widget-text-editor\" data-id=\"36e1209\" data-element_type=\"widget\" data-widget_type=\"text-editor.default\">\n\t\t\t\t<div class=\"elementor-widget-container\">\n\t\t\t\t\t\t\t<p><strong>Pablo Caba\u00f1as D\u00edaz<\/strong><br \/>Maestro en Antropolog\u00eda Social, UNAM<\/p>\t\t\t\t\t\t<\/div>\n\t\t\t\t<\/div>\n\t\t\t\t<div class=\"elementor-element elementor-element-f2279fb elementor-widget elementor-widget-text-editor\" data-id=\"f2279fb\" data-element_type=\"widget\" data-widget_type=\"text-editor.default\">\n\t\t\t\t<div class=\"elementor-widget-container\">\n\t\t\t\t\t\t\t<p>El jurista y soci\u00f3logo Lucio Mendieta y N\u00fa\u00f1ez (1895-1988) estudi\u00f3 el mundo rural y agr\u00edcola del M\u00e9xico de los a\u00f1os cuarenta a los setenta y tambi\u00e9n propuso la creaci\u00f3n de la Escuela Nacional de Ciencias Pol\u00edticas y Sociales (ENCPyS), donde se impartir\u00edan cuatro carreras: ciencias sociales, ciencias pol\u00edticas, periodismo y ciencias diplom\u00e1ticas, con su variante en la especialidad consular, las cuales ser\u00edan cursadas en cuatro a\u00f1os de estudio, dos de preparaci\u00f3n com\u00fan y los restantes en la rama correspondiente.<\/p><p>\u00a0<\/p><p>Mendieta y N\u00fa\u00f1ez trabaj\u00f3 desde 1920 como consejero del Partido Nacional Revolucionario (PNR) y durante toda su carrera particip\u00f3 en la administraci\u00f3n p\u00fablica, en numerosas iniciativas ligadas a la agricultura y las relaciones con los pueblos ind\u00edgenas. Fue una figura central en la etapa fundacional de la sociolog\u00eda mexicana; logr\u00f3 la institucionalizaci\u00f3n de la sociolog\u00eda como una disciplina formalmente independiente del derecho, la antropolog\u00eda y la etnograf\u00eda. Gracias a la soci\u00f3loga, Margarita Olvera Serrano, conocemos la vida y las obras de Mendieta; ella precisa que la educaci\u00f3n intelectual y pol\u00edtica que recibi\u00f3 el jurista, tanto en la Escuela Nacional Preparatoria como en la Escuela Nacional de Jurisprudencia, hoy Facultad de Derecho, constituyeron elementos con los cuales construir\u00eda el primer trabajo sociol\u00f3gico de gran calado que se produjo en M\u00e9xico.<\/p><p>\u00a0<\/p><p>Mendieta no s\u00f3lo apoy\u00f3 la transformaci\u00f3n institucional de la sociolog\u00eda mexicana, por lo cual estuvo involucrado en la investigaci\u00f3n y divulgaci\u00f3n de las ciencias sociales en el pa\u00eds; tambi\u00e9n fund\u00f3 la Revista Mexicana de Sociolog\u00eda (RMS) en 1939 \u2013en una etapa de nuestra sociolog\u00eda dom\u00e9stica, tan importante y peculiar como la de esos a\u00f1os\u2013, en cuyas p\u00e1ginas, estudiantes y profesionistas, lo mismo de medicina o derecho que de ingenier\u00eda, hallaron la valiosa oportunidad de elaborar reflexiones, a partir de la historia, la antropolog\u00eda, la econom\u00eda y otras \u00e1reas del conocimiento, para tratar de hacer inteligible la realidad nacional, como fue el caso de Justo Sierra, Andr\u00e9s Molina Enr\u00edquez, Ricardo Garc\u00eda Granados o Porfirio Parra, por mencionar s\u00f3lo algunos de los m\u00e1s conocidos.<\/p><p>\u00a0<\/p><p>Olvera Serrano menciona que la relevancia de Mendieta y N\u00fa\u00f1ez en la sociolog\u00eda mexicana radica en su contribuci\u00f3n para consolidarla como disciplina aut\u00f3noma, pero tambi\u00e9n en que abri\u00f3 espacios leg\u00edtimos y pertinentes para su desarrollo, adem\u00e1s de haber creado un medio de comunicaci\u00f3n escrito, la RMS, que parti\u00f3 desde una incipiente labor para la generaci\u00f3n de un p\u00fablico lector, hasta convertir estos esfuerzos en un reservorio del conocimiento de la realidad social, que trat\u00f3 de ser \u201cobjetivo y \u00fatil\u201d.<\/p><p>\u00a0<\/p><p>Analizar el itinerario intelectual de Lucio Mendieta es tambi\u00e9n comprender el proyecto fundacional de la ENCPyS; en 1949, despu\u00e9s de un viaje a Europa, invitado por la Organizaci\u00f3n de las Naciones Unidas para la Educaci\u00f3n, la Ciencia y la Cultura (UNESCO), le encomendaron la creaci\u00f3n de institutos de investigaci\u00f3n y de escuelas destinadas a la formaci\u00f3n profesional de cient\u00edficos sociales en nuestro pa\u00eds; particip\u00f3 como delegado de M\u00e9xico en la fundaci\u00f3n de la Asociaci\u00f3n Internacional de Sociolog\u00eda y de la Asociaci\u00f3n Internacional de Ciencia Pol\u00edtica. Al volver, propuso al entonces rector, Luis Garrido (1898-1973), la creaci\u00f3n de una escuela de ciencias pol\u00edticas y sociales en la UNAM. Ese mismo a\u00f1o, Emilio \u00d3scar Rabasa, secretario de Relaciones Exteriores de 1970 a 1975, hab\u00eda planteado una propuesta similar al rector, e incluso desarroll\u00f3 un anteproyecto orientado a su puesta en marcha. No obstante, fue Mendieta quien recibi\u00f3 la tarea de redactar la iniciativa, documentarla y dise\u00f1ar los programas docentes de las carreras que la integrar\u00edan: Licenciatura en Ciencias Sociales, Licenciatura en Ciencias Diplom\u00e1ticas, Licenciatura en Periodismo y Licenciatura en Ciencia Pol\u00edtica.<\/p><p>\u00a0<\/p><p>Mendieta elabor\u00f3 los programas de estudios con sustentos en el derecho, la antropolog\u00eda, la geograf\u00eda humana, la etnograf\u00eda y la historia, as\u00ed como en la ense\u00f1anza de idiomas, principalmente ingl\u00e9s y franc\u00e9s, seguidos de italiano y alem\u00e1n. El \u00e9nfasis en el aprendizaje de lenguas extranjeras era expresi\u00f3n de la gran importancia que se atribu\u00eda a la adquisici\u00f3n de habilidades, que permitieran a los soci\u00f3logos mexicanos de ese tiempo, establecer contacto con el patrimonio intelectual de las sociolog\u00edas norteamericana y francesa, a trav\u00e9s de la lectura de sus textos. Tambi\u00e9n lo era por la escasa labor editorial de traducci\u00f3n que llevaba a cabo el Fondo de Cultura Econ\u00f3mica, pues las obras existentes en el campo de las ciencias sociales no satisfac\u00edan la demanda docente de la nueva escuela.<\/p><p>\u00a0<\/p><p>El grupo de materias que tomaban como objeto de estudio al propio pa\u00eds eran: Historia de M\u00e9xico, Sociolog\u00eda de M\u00e9xico y Econom\u00eda de los Grupos Ind\u00edgenas. Aunque en los documentos que present\u00f3 Mendieta se justificaba la pertinencia de la formaci\u00f3n profesional de soci\u00f3logos para explicar los grandes problemas nacionales, en la pr\u00e1ctica docente el estudio de nuestra realidad ocupaba un lugar secundario. La formaci\u00f3n de estudiantes, en todas las carreras, implicaba cursar las asignaturas de Antropolog\u00eda F\u00edsica y Biotipol\u00f3gica, Etnograf\u00eda y Etnolog\u00eda, as\u00ed como Derecho del Trabajo, Principios de Sociolog\u00eda Criminal y Derecho Penal, entre otras.<\/p><p>\u00a0<\/p><p>La aprobaci\u00f3n de la nueva ENCPyS por el Consejo Universitario no fue f\u00e1cil; aun cuando Mendieta defendi\u00f3 con pasi\u00f3n su proyecto, se vio envuelto en una din\u00e1mica rupturista que le impidi\u00f3 construir acuerdos con los miembros m\u00e1s importantes, algunos de los cuales se opon\u00edan a la creaci\u00f3n de la futura instituci\u00f3n porque la percib\u00edan como una competencia por la asignaci\u00f3n de presupuestos y plazas laborales de las escuelas que ellos mismos dirig\u00edan, hecho que, cre\u00edan, afectar\u00eda su propio prestigio acad\u00e9mico. Otros argumentaban que, en plena Guerra Fr\u00eda, una escuela destinada a las ciencias sociales ser\u00eda, seg\u00fan su punto de vista, inevitablemente un \u201ccentro de propaganda comunista\u201d.<\/p><p>\u00a0<\/p><p>En defensa de su proyecto, Mendieta y N\u00fa\u00f1ez recurri\u00f3 a la iron\u00eda y el sarcasmo, incluso lleg\u00f3 a esgrimir la descalificaci\u00f3n de las cualidades profesionales de sus oponentes, lo que irrit\u00f3 a la mayor\u00eda. El rector Luis Garrido tuvo que intervenir como moderador para aquietar las disputas; sin embargo, no hubo acuerdo entre los miembros del Consejo y el proyecto original, que inclu\u00eda la carrera de Ciencias Administrativas, fue excluido; esta fue, tambi\u00e9n, la raz\u00f3n por la cual las autoridades designaron al abogado Luis Enr\u00edquez Coyro, profesor de derecho internacional p\u00fablico en la Facultad de Derecho y miembro del Consejo Universitario, como el primer director de la ENCPyS. Mendieta debi\u00f3 ser el candidato natural para asumir dicha funci\u00f3n, ya que \u00e9l hab\u00eda redactado el proyecto y sus programas, pero no fue as\u00ed.<\/p><p>\u00a0<\/p><p>El nacimiento de nuestra instituci\u00f3n estuvo marcado por las demandas \u201cexternas\u201d de una sociedad en reconstrucci\u00f3n, as\u00ed como por una estrecha cercan\u00eda con las instituciones gubernamentales de la \u00e9poca, \u00e1vidas de saberes t\u00e9cnicos con los cuales pudiesen fundamentar y legitimar sus tareas pol\u00edticas y administrativas.<\/p>\t\t\t\t\t\t<\/div>\n\t\t\t\t<\/div>\n\t\t\t\t<div class=\"elementor-element elementor-element-1b6b3fb elementor-widget elementor-widget-spacer\" data-id=\"1b6b3fb\" data-element_type=\"widget\" data-widget_type=\"spacer.default\">\n\t\t\t\t<div class=\"elementor-widget-container\">\n\t\t\t\t\t<div class=\"elementor-spacer\">\n\t\t\t<div class=\"elementor-spacer-inner\"><\/div>\n\t\t<\/div>\n\t\t\t\t<\/div>\n\t\t\t\t<\/div>\n\t\t\t\t<div class=\"elementor-element elementor-element-e002053 elementor-widget elementor-widget-text-editor\" data-id=\"e002053\" data-element_type=\"widget\" data-widget_type=\"text-editor.default\">\n\t\t\t\t<div class=\"elementor-widget-container\">\n\t\t\t\t\t\t\t\t\t\t\t\t\t<\/div>\n\t\t\t\t<\/div>\n\t\t\t\t\t<\/div>\n\t\t<\/div>\n\t\t\t\t\t\t\t<\/div>\n\t\t<\/section>\n\t\t\t\t\t\t\t<\/div>\n\t\t","protected":false},"excerpt":{"rendered":"<p>Antigua sede de la Escuela Nacional de Ciencias Pol\u00edticas y Sociales. Nuestra Facultad: Lucio Mendieta y N\u00fa\u00f1ez Pablo Caba\u00f1as D\u00edaz Maestro en Antropolog\u00eda Social, UNAM El jurista y soci\u00f3logo Lucio Mendieta y N\u00fa\u00f1ez&#46;&#46;&#46;<\/p>\n","protected":false},"author":1,"featured_media":16077,"parent":0,"menu_order":0,"comment_status":"closed","ping_status":"closed","template":"elementor_header_footer","meta":[],"coauthors":[386],"yoast_head":"<!-- This site is optimized with the Yoast SEO plugin v21.6 - https:\/\/yoast.com\/wordpress\/plugins\/seo\/ -->\n<title>Nuestra Facultad: Lucio Mendieta y N\u00fa\u00f1ez - Gaceta Pol\u00edticas<\/title>\n<meta name=\"robots\" content=\"index, follow, max-snippet:-1, max-image-preview:large, max-video-preview:-1\" \/>\n<link rel=\"canonical\" href=\"https:\/\/gaceta.politicas.unam.mx\/index.php\/nuestra-facultad-lucio-mendieta-y-nunez\/\" \/>\n<meta property=\"og:locale\" content=\"es_ES\" \/>\n<meta property=\"og:type\" content=\"article\" \/>\n<meta property=\"og:title\" content=\"Nuestra Facultad: Lucio Mendieta y N\u00fa\u00f1ez - Gaceta Pol\u00edticas\" \/>\n<meta property=\"og:description\" content=\"Antigua sede de la Escuela Nacional de Ciencias Pol\u00edticas y Sociales. Nuestra Facultad: Lucio Mendieta y N\u00fa\u00f1ez Pablo Caba\u00f1as D\u00edaz Maestro en Antropolog\u00eda Social, UNAM El jurista y soci\u00f3logo Lucio Mendieta y N\u00fa\u00f1ez&#046;&#046;&#046;\" \/>\n<meta property=\"og:url\" content=\"https:\/\/gaceta.politicas.unam.mx\/index.php\/nuestra-facultad-lucio-mendieta-y-nunez\/\" \/>\n<meta property=\"og:site_name\" content=\"Gaceta Pol\u00edticas\" \/>\n<meta property=\"article:publisher\" content=\"https:\/\/www.facebook.com\/FCPyS.UNAM\" \/>\n<meta property=\"article:modified_time\" content=\"2022-08-24T20:49:01+00:00\" \/>\n<meta property=\"og:image\" content=\"http:\/\/gaceta.politicas.unam.mx\/wp-content\/uploads\/2022\/08\/antigua-sede-de-la-escuela-nacional.png\" \/>\n\t<meta property=\"og:image:width\" content=\"1280\" \/>\n\t<meta property=\"og:image:height\" content=\"500\" \/>\n\t<meta property=\"og:image:type\" content=\"image\/png\" \/>\n<meta name=\"twitter:label1\" content=\"Tiempo de lectura\" \/>\n\t<meta name=\"twitter:data1\" content=\"6 minutos\" \/>\n\t<meta name=\"twitter:label2\" content=\"Written by\" \/>\n\t<meta name=\"twitter:data2\" content=\"Juan Carlos Gallo\" \/>\n<script type=\"application\/ld+json\" class=\"yoast-schema-graph\">{\"@context\":\"https:\/\/schema.org\",\"@graph\":[{\"@type\":\"WebPage\",\"@id\":\"https:\/\/gaceta.politicas.unam.mx\/index.php\/nuestra-facultad-lucio-mendieta-y-nunez\/\",\"url\":\"https:\/\/gaceta.politicas.unam.mx\/index.php\/nuestra-facultad-lucio-mendieta-y-nunez\/\",\"name\":\"Nuestra Facultad: Lucio Mendieta y N\u00fa\u00f1ez - Gaceta Pol\u00edticas\",\"isPartOf\":{\"@id\":\"https:\/\/gaceta.politicas.unam.mx\/#website\"},\"datePublished\":\"2022-08-24T19:26:04+00:00\",\"dateModified\":\"2022-08-24T20:49:01+00:00\",\"inLanguage\":\"es\",\"potentialAction\":[{\"@type\":\"ReadAction\",\"target\":[\"https:\/\/gaceta.politicas.unam.mx\/index.php\/nuestra-facultad-lucio-mendieta-y-nunez\/\"]}]},{\"@type\":\"WebSite\",\"@id\":\"https:\/\/gaceta.politicas.unam.mx\/#website\",\"url\":\"https:\/\/gaceta.politicas.unam.mx\/\",\"name\":\"Gaceta Pol\u00edticas\",\"description\":\"\u00d3rgano informativo de la Facultad de Ciencias Pol\u00edticas y Sociales\",\"potentialAction\":[{\"@type\":\"SearchAction\",\"target\":{\"@type\":\"EntryPoint\",\"urlTemplate\":\"https:\/\/gaceta.politicas.unam.mx\/?s={search_term_string}\"},\"query-input\":\"required name=search_term_string\"}],\"inLanguage\":\"es\"}]}<\/script>\n<!-- \/ Yoast SEO plugin. -->","yoast_head_json":{"title":"Nuestra Facultad: Lucio Mendieta y N\u00fa\u00f1ez - Gaceta Pol\u00edticas","robots":{"index":"index","follow":"follow","max-snippet":"max-snippet:-1","max-image-preview":"max-image-preview:large","max-video-preview":"max-video-preview:-1"},"canonical":"https:\/\/gaceta.politicas.unam.mx\/index.php\/nuestra-facultad-lucio-mendieta-y-nunez\/","og_locale":"es_ES","og_type":"article","og_title":"Nuestra Facultad: Lucio Mendieta y N\u00fa\u00f1ez - Gaceta Pol\u00edticas","og_description":"Antigua sede de la Escuela Nacional de Ciencias Pol\u00edticas y Sociales. Nuestra Facultad: Lucio Mendieta y N\u00fa\u00f1ez Pablo Caba\u00f1as D\u00edaz Maestro en Antropolog\u00eda Social, UNAM El jurista y soci\u00f3logo Lucio Mendieta y N\u00fa\u00f1ez&#46;&#46;&#46;","og_url":"https:\/\/gaceta.politicas.unam.mx\/index.php\/nuestra-facultad-lucio-mendieta-y-nunez\/","og_site_name":"Gaceta Pol\u00edticas","article_publisher":"https:\/\/www.facebook.com\/FCPyS.UNAM","article_modified_time":"2022-08-24T20:49:01+00:00","og_image":[{"width":1280,"height":500,"url":"http:\/\/gaceta.politicas.unam.mx\/wp-content\/uploads\/2022\/08\/antigua-sede-de-la-escuela-nacional.png","type":"image\/png"}],"twitter_misc":{"Tiempo de lectura":"6 minutos","Written by":"Juan Carlos Gallo"},"schema":{"@context":"https:\/\/schema.org","@graph":[{"@type":"WebPage","@id":"https:\/\/gaceta.politicas.unam.mx\/index.php\/nuestra-facultad-lucio-mendieta-y-nunez\/","url":"https:\/\/gaceta.politicas.unam.mx\/index.php\/nuestra-facultad-lucio-mendieta-y-nunez\/","name":"Nuestra Facultad: Lucio Mendieta y N\u00fa\u00f1ez - Gaceta Pol\u00edticas","isPartOf":{"@id":"https:\/\/gaceta.politicas.unam.mx\/#website"},"datePublished":"2022-08-24T19:26:04+00:00","dateModified":"2022-08-24T20:49:01+00:00","inLanguage":"es","potentialAction":[{"@type":"ReadAction","target":["https:\/\/gaceta.politicas.unam.mx\/index.php\/nuestra-facultad-lucio-mendieta-y-nunez\/"]}]},{"@type":"WebSite","@id":"https:\/\/gaceta.politicas.unam.mx\/#website","url":"https:\/\/gaceta.politicas.unam.mx\/","name":"Gaceta Pol\u00edticas","description":"\u00d3rgano informativo de la Facultad de Ciencias Pol\u00edticas y Sociales","potentialAction":[{"@type":"SearchAction","target":{"@type":"EntryPoint","urlTemplate":"https:\/\/gaceta.politicas.unam.mx\/?s={search_term_string}"},"query-input":"required name=search_term_string"}],"inLanguage":"es"}]}},"_links":{"self":[{"href":"https:\/\/gaceta.politicas.unam.mx\/index.php\/wp-json\/wp\/v2\/pages\/16074"}],"collection":[{"href":"https:\/\/gaceta.politicas.unam.mx\/index.php\/wp-json\/wp\/v2\/pages"}],"about":[{"href":"https:\/\/gaceta.politicas.unam.mx\/index.php\/wp-json\/wp\/v2\/types\/page"}],"author":[{"embeddable":true,"href":"https:\/\/gaceta.politicas.unam.mx\/index.php\/wp-json\/wp\/v2\/users\/1"}],"replies":[{"embeddable":true,"href":"https:\/\/gaceta.politicas.unam.mx\/index.php\/wp-json\/wp\/v2\/comments?post=16074"}],"version-history":[{"count":9,"href":"https:\/\/gaceta.politicas.unam.mx\/index.php\/wp-json\/wp\/v2\/pages\/16074\/revisions"}],"predecessor-version":[{"id":16106,"href":"https:\/\/gaceta.politicas.unam.mx\/index.php\/wp-json\/wp\/v2\/pages\/16074\/revisions\/16106"}],"wp:featuredmedia":[{"embeddable":true,"href":"https:\/\/gaceta.politicas.unam.mx\/index.php\/wp-json\/wp\/v2\/media\/16077"}],"wp:attachment":[{"href":"https:\/\/gaceta.politicas.unam.mx\/index.php\/wp-json\/wp\/v2\/media?parent=16074"}],"wp:term":[{"taxonomy":"author","embeddable":true,"href":"https:\/\/gaceta.politicas.unam.mx\/index.php\/wp-json\/wp\/v2\/coauthors?post=16074"}],"curies":[{"name":"wp","href":"https:\/\/api.w.org\/{rel}","templated":true}]}}